atest common factor of t and f?
3
Suppose -d + 10 = 3*y - 11, -y = -4*d + 19. Let s = -1 + 3. Suppose -s*r = -5*r + 18. Calculate the greatest common factor of r and d.
6
Let m(p) be the third derivative of p**6/120 + 3*p**5/20 + 7*p**4/24 - p**3/6 + p**2. Let w be m(-8). What is the greatest common factor of w and 77?
7
Suppose 4*j = -5*z + 4 + 5, 3*j - 3*z - 27 = 0. Suppose -b = q - 8, -j = -b + q - 0. Let l = -5 + b. What is the greatest common divisor of l and 22?
2
Let g(r) = r + 3. Let c be g(-5). Let k(w) = -w**3 + 2*w**2 + 2*w + 2. Let p be k(c). Suppose 3*y - y - 28 = 0. Calculate the highest common factor of p and y.
14
Let c(j) = 18*j + 6. Let g be c(5). Suppose 3*h = -5*f - h + 64, 40 = 3*f + 4*h. What is the greatest common factor of g and f?
12
Let x = -20 + 22. What is the highest common divisor of x and 1?
1
Let h be 10*1 + (3 - 3). What is the greatest common divisor of 25 and h?
5
Let u(s) = 8*s - 3. Let w be u(3). Suppose -10 + 25 = 5*t. Calculate the greatest common factor of w and t.
3
Let c(r) = 3*r - 12. Let s be c(6). What is the greatest common divisor of s and 66?
6
Let m(d) = -54*d + 1. Let t be m(-1). Suppose -2*y = 3*y - 2*c - 23, -17 = -4*y + 3*c. Calculate the greatest common divisor of y and t.
5
Suppose -33*d = -26*d - 245. Calculate the greatest common factor of d and 21.
7
Let c = -1 + 4. Suppose -c = -s - 1. Calculate the highest common divisor of s and 3.
1
Let k = 16 + 4. What is the highest common divisor of 40 and k?
20
Let o(i) = -28*i - 7. Let u be o(-2). What is the greatest common factor of 196 and u?
49
Suppose -21 = -o + 5*n, 5*o + 3*n - 27 = 2*n. Calculate the greatest common factor of 6 and o.
6
Suppose 13*k + 132 = 17*k. Calculate the greatest common divisor of k and 22.
11
Let i = 22 - -11. What is the highest common factor of i and 33?
33
Suppose 5*l - 3 = 2. Suppose -5*m = -0*m. Let j = 1 + m. What is the greatest common factor of j and l?
1
Suppose -3*f + 5*v - 33 = 0, f = -2*f + 2*v - 24. Suppose 6*i + 50 = i. Let n = f - i. What is the greatest common divisor of n and 8?
4
Let j be ((-1)/(-3))/(2/12). Suppose -12 = 4*z, 0 = -3*a - j*a - 3*z + 21. What is the greatest common divisor of 54 and a?
6
Suppose 3*w = 5*w - 12. Let z be 4/w + 16/3. Let p be 2/z - (-285)/9. What is the greatest common divisor of 8 and p?
8
Let v be (-3 - (-1 - 17))*1. What is the greatest common factor of 6 and v?
3
Suppose 3*q = 2*q + 13. What is the greatest common factor of 65 and q?
13
Suppose 4*q + k - 45 = -0*k, -5*q = k - 55. Let w = -76 - -120. Suppose 3*n = b - 48, -b + 6*n - 2*n + w = 0. Calculate the greatest common factor of q and b.
10
Let n(h) = -h**3 - 10*h**2 - 13*h. Let r be n(-10). Suppose -2*a = a + f + r, 4*a - f = -185. Let x = a + 63. Calculate the highest common factor of 9 and x.
9
Suppose 0 = 5*o + j + 3*j - 276, 5*j + 229 = 4*o. Let b(m) = -m**3 - 3*m**2 + 7*m - 1. Let f be b(-5). What is the highest common divisor of o and f?
14
Let u = 31 - 19. Let w be ((-60)/(-9))/(2/u). Calculate the highest common factor of 10 and w.
10
Let n be (-2)/9 - (-9650)/90. Let d = n + -59. What is the greatest common factor of 6 and d?
6
Let y = 58 + -54. What is the greatest common factor of 2 and y?
2
Let q = -12 - -18. Let u(b) = 4 - 8 + 5 + 4 + 2*b. Let n be u(q). Calculate the highest common divisor of 187 and n.
17
Suppose d - 2*m = -0*m + 33, -47 = -d - 5*m. What is the highest common factor of 259 and d?
37
Let u = -8 + 4. Let x be (-141)/u - 3/12. Suppose 5*t - x = -5. Calculate the greatest common factor of 48 and t.
6
Suppose j = 15*j - 182. Suppose -h + 16 = 3. What is the highest common divisor of j and h?
13
Let x(m) = m**3 + 15*m**2 + 13*m - 8. Let n be x(-14). Calculate the greatest common factor of n and 15.
3
Suppose 0 = 19*c - 23*c + 200. What is the highest common factor of c and 300?
50
Let c be (4 + (-40)/(-25))/((-4)/(-70)). What is the highest common divisor of c and 14?
14
Let n = -81 - -115. Let p be ((-85)/10)/(1/(-2)). What is the highest common divisor of n and p?
17
Suppose -15 = -5*g + 35. Suppose -3*u + 3 = -9. What is the greatest common divisor of g and u?
2
Suppose 4*y + 2*c - 203 + 63 = 0, y = 4*c + 44. Calculate the highest common factor of 396 and y.
36
Suppose 16*s - 95 = -3*s. Suppose 0*j = -j + 63. Suppose -2*d + 6*d = 5*y + 65, -y = 3*d - j. Calculate the highest common divisor of d and s.
5
Let x = 12 - 4. Calculate the greatest common factor of x and 2.
2
Let q(r) = -r**3 - 9*r**2 - 7*r + 8. Let j be q(-8). Suppose -g + j*g = -10. Calculate the highest common factor of g and 25.
5
Let t = -4 + 7. Suppose 3*p + 3 = 0, -3*n - 2*n + t*p = -1043. Let u be 3/2*n/12. Calculate the highest common factor of u and 286.
26
Let v = 201 - 165. What is the greatest common divisor of 24 and v?
12
Suppose 2*d - w - 13 = 14, 0 = -d - 4*w + 27. What is the highest common factor of 30 and d?
15
Let i be (2 - 20)/(8/(-20)). Let g = 101 + -96. Calculate the greatest common factor of g and i.
5
Let d be -2*235/(-10) + 1. Calculate the highest common divisor of 72 and d.
24
Let c = -5 - -5. Suppose 0 = -3*z - c*z + 33. What is the greatest common factor of z and 11?
11
Let n(y) = 16*y - 4. Let v be n(3). Calculate the greatest common factor of v and 22.
22
Suppose -4*b - 2*w + 12 + 10 = 0, 2*w + 32 = 5*b. Suppose -9 = -5*u + 6, 2*u = 2*s + 2. Calculate the highest common factor of b and s.
2
Let a(y) = -y**2 - 11*y - 2. Let s be a(-9). What is the greatest common factor of s and 40?
8
Suppose 1 - 7 = -3*w - 2*i, -5*w = 5*i - 10. Let t be 1/4 + (-156)/(-16). Calculate the greatest common factor of w and t.
2
Suppose 0 = -5*z + 76 + 149. Suppose -290 - 40 = -22*h. What is the highest common divisor of z and h?
15
Suppose -k + 65 = 3*c, -5*k + 6 = -2*k. Let j be ((-78)/8)/(4/(-48)). Let m = -75 + j. What is the greatest common factor of c and m?
21
Let q = 0 - -3. Suppose 5*s - 4*i + 2 = q*s, 4*i = 16. Calculate the highest common divisor of 77 and s.
7
Let y be (14/2 - -1) + 3. Suppose 5 = 4*l - y. Suppose 0 = 2*f - 8, f - 2*f = w - 12. Calculate the highest common factor of l and w.
4
Let m(n) = -n**3 - 5*n**2 + 7*n + 8. Let z be m(-6). What is the highest common factor of 8 and z?
2
Suppose -5*m - 6*m = -66. What is the greatest common factor of 66 and m?
6
Suppose 0 = -4*t + 7*t + 6. Let g be t - -14*(-1)/(-1). Suppose 0 = -4*c + 4, -104 = -y + 4*c - 0*c. Calculate the greatest common divisor of y and g.
12
Suppose -12 = 3*g, t = 2*g - 4*g + 153. What is the greatest common divisor of t and 23?
23
Let b be 20/3 + (-3)/(-9). Suppose -4*t + 25 = 2*c + 1, -3*t - 3*c = -15. Calculate the greatest common factor of b and t.
7
Suppose s - 3 = -0. Let i be -26*s/24*-8. Calculate the highest common divisor of 26 and i.
26
Let r(q) = -4*q + 4. Let o be r(3). Let z be (o/20)/((-1)/120). Calculate the highest common factor of 24 and z.
24
Suppose 3*c = 2*c + 12. Let s be 3 + -3 + c/1. What is the highest common factor of 84 and s?
12
Let s be 408/(-7) + (-2)/(-7). Let m = 22 - s. Calculate the greatest common divisor of 16 and m.
16
Let m(c) = 3*c. Let h be (-4)/(-20) + 61/(-5). Let d be (-4)/6*h/2. Let w be m(d). What is the highest common divisor of 96 and w?
12
Let i be ((-48)/(-7))/(14/147). What is the highest common divisor of i and 9?
9
Let a = -76 + 79. Calculate the greatest common factor of a and 72.
3
Let h(j) = -3*j - 6. Let q be h(-4). Let n(s) = 17*s - 37. Let g be n(5). What is the highest common divisor of q and g?
6
Let q(x) = x**3 + 2*x**2 - 3*x - 2. Let o be q(-5). Let k = -37 - o. Let r = 13 + -3. What is the greatest common factor of k and r?
5
Let f(z) = -z + 11. Let d be f(8). Suppose -8*a + d*a = -520. Let n = -1 + 14. What is the greatest common divisor of a and n?
13
Suppose 4*j - 37 = f, -3*j - 20 + 64 = -4*f. Let k = 60 + -40. What is the highest common factor of k and j?
4
Let h(s) = 2*s**2 + 9*s - 6. Let q(g) = -g**2 + 5*g + 1. Let w be q(5). Let i = -9 + w. Let r be h(i). Calculate the highest common divisor of 10 and r.
10
Let t = 10 - 10. Suppose -5*i = 4*o - 419, 3*i + 0*o - 4*o - 277 = t. Calculate the greatest common factor of 29 and i.
29
Let t(p) = -p**3 + 3*p**2 - 3*p - 1. Let q be t(-3). What is the highest common divisor of q and 93?
31
Let g = 10 - 1